(-6)/(-15) - 132/30. Let j be (-3 - -6)/(1/(y/(-3))). What is the highest common divisor of j and t?
4
Suppose -3*z + 197 = -22. Suppose -75*s + 112 = -z*s. Calculate the greatest common divisor of s and 7.
7
Suppose 92*f - 375 = 177. What is the highest common factor of 42 and f?
6
Suppose -9159 - 4624 = -179*t. Let i be (0 + 1 - -10)*1. Calculate the greatest common factor of t and i.
11
Let g(t) = 4*t**2 - 22*t - 56. Let s be g(9). What is the highest common divisor of 20 and s?
10
Let l be 5/(-10) + 1/2. Let w be 61 - (-1 - l)*-1. Let z(a) = -4*a - 100. Let t be z(-30). Calculate the highest common factor of w and t.
20
Suppose -4*w + 224 = -3*w. Let f be (364/14 + 2)/((-2)/(-2)). Calculate the highest common divisor of f and w.
28
Suppose -4*l + g + 435 = 0, 0*l - 2*g - 330 = -3*l. Calculate the greatest common divisor of 96 and l.
12
Suppose 15*u + 2652 = 27*u. Calculate the highest common divisor of 17 and u.
17
Suppose 66 = -0*f + f - 2*i, f + 4*i = 84. Suppose -3*k - 15 = -y, -3*y - k + 60 = -5*k. Calculate the highest common divisor of f and y.
24
Let t(d) = 2*d**2 - 23*d - 6. Let m be t(12). Let r(f) = -f**2 + 11*f - 14. Let l be r(m). What is the greatest common divisor of 40 and l?
8
Suppose -2*m = 2*h - 3*h + 430, -4*m = -4*h + 1700. Calculate the highest common factor of h and 300.
60
Suppose -5*h = -2*h - 1266. Let t = -170 + h. What is the greatest common factor of t and 36?
36
Let x be (1/(-2))/((-3)/12). Suppose x*j - 189 = l, 4 - 5 = -l. Let r = 145 - j. Calculate the highest common factor of r and 10.
10
Suppose -4*n + 9 = -15. Let s = -42 + 102. What is the greatest common factor of s and n?
6
Suppose 7 + 2 = 3*v. Let i be (70/(-15))/((-7)/126*4). Calculate the greatest common divisor of v and i.
3
Let q(k) = 45 - 39 + 6*k + k**2 + 5*k**2 + k**3. Let y be q(-4). Calculate the highest common divisor of 2 and y.
2
Let c be -7*11/(-11 + 0). Suppose 2*h = 5*f + 135, 5*f = 2 + 3. Calculate the highest common divisor of h and c.
7
Let w = 36 + -34. Let g be (-1)/w - (-2440)/16. Calculate the highest common factor of g and 19.
19
Let i be ((102/(-12))/17)/(1/(-378)). Calculate the greatest common divisor of 7 and i.
7
Let l be 92/5 - (-8 - (-588)/70). Let j = 251 - 125. Calculate the highest common factor of l and j.
18
Let q be 1086/15 - 2/5. Let a(w) = 4*w - 28. Let d be a(7). Suppose -3*i + 24 = 3*t, 4*t = -d*i + i + 32. Calculate the highest common divisor of q and t.
8
Let t(w) = 21*w - 4. Let i be t(2). Let r = -37 + i. Calculate the greatest common factor of r and 1.
1
Let t be (-20)/(-3)*(-18)/(-4). Let a = -22 + t. What is the greatest common factor of 24 and a?
8
Let a be 26 - 28 - (-1)/(2/28). What is the greatest common factor of a and 20?
4
Suppose 7 = -t - 0*t + 5*v, -t + 2*v = -2. Suppose -2 = -2*p + t, 0 = -z + 4*p + 31. Suppose -y = 3 - 37. Calculate the highest common factor of z and y.
17
Let r(z) = z**2 + 22*z + 159. Let n be r(-7). What is the highest common divisor of 171 and n?
9
Let z be (10/(-4))/((-10)/8). Suppose 5*a - 211 = -3*m - 0*a, 286 = 4*m + z*a. Calculate the highest common factor of m and 8.
8
Suppose 14 = 4*s - 66. Suppose -5*b = -0*b - 1100. Calculate the highest common divisor of s and b.
20
Let y be (-21)/(-14)*70*24/15. What is the highest common factor of y and 8?
8
Let n be ((-16)/(-4))/(8 + -7). Let b be 3 - (-22 - (2 - -1)). Calculate the greatest common factor of n and b.
4
Let q = 86 - 86. Let u(s) = 3*s + 196. Let i be u(q). What is the greatest common divisor of i and 28?
28
Let d be 4 + -2 + (116 - 3). Let c = 410 + -387. What is the greatest common factor of d and c?
23
Suppose -5*o + 742 = 2*u, -4*o + 584 = u + 3*u. What is the greatest common factor of o and 15?
15
Let f = -2 - 1. Let v be 2920/(-35) + 8/(-14). Let k be (18/7)/f*v. What is the highest common divisor of 9 and k?
9
Let t(s) = -21*s + 411. Let f be t(11). Calculate the highest common factor of f and 220.
20
Suppose -i - 3*c = -3*i, -c = 5*i - 34. Let n be -6 + 2 + 58 + 0. What is the highest common divisor of n and i?
6
Let p = -547 + 822. Let t(h) be the third derivative of h**5/60 + h**4/24 + 5*h**3/6 + 5*h**2. Let d be t(-5). Calculate the greatest common factor of d and p.
25
Suppose 23*n - 497 - 7208 = 0. Calculate the greatest common factor of n and 67.
67
Suppose -s + 85 = 57. What is the greatest common divisor of s and 378?
14
Let y(b) = -6*b**2 - 13*b - 57. Let q(s) = 5*s**2 + 13*s + 59. Let z(t) = 5*q(t) + 4*y(t). Let o be z(-7). What is the highest common divisor of o and 100?
25
Suppose 0 = z + 5*d - 47 + 1, -3*z + 5*d = -158. What is the highest common divisor of 51 and z?
51
Let q = -18 + 130. Let a = q + -84. What is the greatest common divisor of 8 and a?
4
Let v = 515 - 488. Calculate the greatest common divisor of v and 819.
9
Let a(o) = 126*o + 521. Let t be a(-4). What is the greatest common factor of 2 and t?
1
Suppose -11 = 2*s - 29. Suppose 3*x = 3*m - 45, -2*x + s = 3. What is the greatest common divisor of 90 and m?
18
Let t(k) = -9*k. Let o be t(-1). Let w(u) = 57 - 58 + u + 53. Let r be w(-16). Calculate the greatest common divisor of o and r.
9
Let x(s) = -2*s**3 - 6*s**2 - 3*s - 43. Let n be x(-5). What is the highest common factor of n and 90?
18
Suppose -3*a = 5*x - 1125, 4*a = -3 - 17. Calculate the highest common factor of 190 and x.
38
Let q be 0 + 5 + -2 + 2. Let f = q + -2. Let z = -1 + f. What is the greatest common divisor of 3 and z?
1
Let s be -1*((-1 - -3) + 7 + -2). Let y(i) = 2*i**3 + 15*i**2 - i - 10. Let g be y(s). What is the highest common divisor of 69 and g?
23
Let j be 6 + ((-10)/15)/(2/3). Suppose 15 = -j*a + 135. Calculate the greatest common factor of 192 and a.
24
Let y(h) = h**3 - 8*h**2 + 7*h + 2. Let a(w) = -w**2 + 16*w + 7. Let s be a(16). Let c be y(s). Calculate the greatest common factor of 10 and c.
2
Suppose -8 = -2*y - 2*y. Suppose 4*m = -4*x + 100, -y*m - 116 = -5*x + 2*m. Calculate the greatest common factor of 216 and x.
24
Let o(q) = -14*q - 4. Let i be o(-7). Let y = 256 - i. Let m be (2/(-3))/((-9)/y). What is the highest common divisor of 96 and m?
12
Let c(t) = 2*t**3 + 11*t**2 - 9*t - 26. Let b be c(-5). Calculate the greatest common factor of 12 and b.
4
Let b(t) = 315*t - 12. Let z be b(-8). Let a be 2/(-10) + z/(-60). What is the highest common factor of 6 and a?
6
Suppose -22*z + 24*z - 850 = 0. What is the greatest common factor of 51 and z?
17
Suppose 10 + 23 = r. What is the highest common factor of r and 3?
3
Let b(j) = j**3 - 11*j**2 + 2*j + 14. Let a be b(11). Suppose -4*l + 8*l - 144 = -h, 3*h - a = -l. What is the highest common factor of 27 and l?
9
Let o = -234 - -489. What is the highest common divisor of o and 15?
15
Let d(n) = -5*n + 20. Let c be d(-9). Let m = c - 47. What is the greatest common divisor of m and 27?
9
Let b = 4 - 4. Suppose 0 = 2*g + 2*g - 2*k - 110, -g + 3*k + 25 = b. Suppose -10*u + 15*u - 70 = 0. Calculate the highest common divisor of g and u.
14
Let j(s) = s**2 - 5. Let y be j(7). Let z = y + -19. Calculate the highest common factor of 25 and z.
25
Suppose 3*j = -3*z + 36, 5*z - 9 - 1 = 5*j. Suppose -z*v + 264 = -5*v. What is the highest common factor of 12 and v?
12
Let f(d) = -14*d + 35. Let m be f(-7). Calculate the greatest common factor of m and 57.
19
Suppose 0*q - 5*q = -5*k + 420, 4*q = -k + 89. Let d = -1 + k. Calculate the greatest common divisor of 12 and d.
12
Let w = 653 + -477. What is the highest common factor of w and 22?
22
Let o be ((-117)/(-2))/((-2)/(-4)). Suppose 0 = -7*q + 5*q + 62. Let j = q + -18. Calculate the highest common factor of o and j.
13
Let c be 1 + 169 - (-6 - -11). Suppose -3*u + 125 - 26 = 0. Calculate the greatest common divisor of c and u.
33
Let x = 19 - -2. Let s be (-2)/(-2) + (-3)/(3/(-230)). Calculate the highest common divisor of x and s.
21
Let o be -16*15/18*3. Let f = 72 + o. What is the highest common divisor of 12 and f?
4
Suppose 8*f = 817 + 119. What is the highest common divisor of 481 and f?
13
Let m be ((-2)/6)/(7/(-945)). Let w be 804/27 + 2/9. What is the highest common divisor of w and m?
15
Suppose -9*d - 128 = -344. Calculate the greatest common divisor of d and 248.
8
Let l = -51 + 52. Let i be (-12 - l/1)*-1. Suppose 4*w = 89 + 67. Wh